 + -24 + 46)) + -11.
-3
What is (251 - (-118 + 341)) + (-100 - 1)?
-73
What is -16 + (-77 - -29) - (-3 + 1 - -8)?
-70
What is (402 - 345) + 2 + -79?
-20
What is 11 + (-111 - -106 - (7 + (0 - 6) + -2))?
7
-29 + -11 + (19 - (-11 + 6)) + -100
-116
Evaluate 19 + (13 - (6 - 14 - -47)) + -34 + 0.
-41
Calculate 0 - -6 - 106 - (-51 - (19 + -59)).
-89
What is the value of (139 - 144) + 76 + 1 - -8?
80
What is -305 - -131 - (65 + -173)?
-66
What is -21 - -54 - (-16 + 15 + (3 + -4 - 3))?
38
11271 + -11281 - (65 + 1)
-76
(-11 - -15 - (-63 - -8 - -5)) + (17 - 27)
44
Calculate (4 - (-6 - -9)) + ((-7 - -11) + -6 - 31).
-32
What is (-3 - -1) + (-6 - (10 - 21)) + -59 + -46?
-102
Evaluate 1 + -1 + 1 + 807 + -816 + (-47 - 2).
-57
What is 81 + (-10 + 60 - (14 + 22))?
95
What is the value of -11 + 12 - -6 - 13 - (0 + 9 - -1)?
-16
Evaluate -117 + -43 + 39 + -11 + -10 + -6 + -1.
-149
Evaluate -72 + 34 + 10 - -4.
-24
Evaluate -29 - (14 - 30) - (1 + -4 + -52 - -3).
39
25 - ((-7 - -22) + -14) - -18
42
Evaluate 5 + -17 + 38 + -16 + -7 + -54.
-51
What is the value of (25 - 33 - (13 + -10)) + -26?
-37
Evaluate (-302 - -359) + -6 + (10 - -7).
68
Calculate -73 - (-22 + 4 + -7 + 29) - -17.
-60
What is -171 - (-29 + (29 - 34) + 2)?
-139
Calculate -6 + 23 + -1 + (-145 - -71).
-58
What is (0 - -9 - (-57 - -21) - 9) + 7?
43
Evaluate (-24 - (18 + 3 + 5 + 42)) + (-14 - -1).
-105
What is the value of 52 + -6 + (0 - -2) - (-366 - -359)?
55
-7 - (-21 - 2 - (-29 + 14)) - (-1 - -1)
1
Calculate 17 + -46 - -21 - ((-18 - 6) + 7).
9
Evaluate -5 + -1 + -4 + 34 + (-4 - 0 - -5).
25
Calculate -54 - ((-10 - -4) + 15 + 8) - -14.
-57
Calculate -259 - -231 - (-10 - 0) - -62.
44
Evaluate (-3 - -14 - (50 + -37)) + (-7 - -13).
4
28 - 5 - -6 - (-36 + 41) - (3 - 6)
27
55 - (-9 + 48) - -29
45
Evaluate -2 + -88 + 13 + -1 + 1 + (-7 - 5).
-89
Evaluate (-1140 + 1112 - (0 + 3 + -9)) + 78.
56
Evaluate (-9 - (-23 + -32 + 36)) + -57.
-47
What is the value of (-27 + 54 - -4) + -56?
-25
Calculate (2 - -46) + -20 + -17 + (32 - 4).
39
Calculate (1 - 36) + (-19 + 13 - (-1 - 10)).
-30
Calculate -49 + (-5 - 27) + 11 - (-5 - -8).
-73
Evaluate -11 - (21 + -41 - (16 + 6)).
31
What is 117 - 0 - (-2 - ((-8 - 30) + (-34 - -56)))?
103
92 + -86 - 65 - 1
-60
What is the value of (-15 - 146) + (115 - 54)?
-100
Evaluate -17 - (12 + 37) - -9.
-57
What is the value of (59 - (-34 - -70)) + -37?
-14
Calculate 169 + -109 + 115 + -267.
-92
13 + -1 + (39 - (26 + 36 + -89))
78
What is (58 - (-25 + 94)) + 8?
-3
Evaluate 14 + (-6 - 1) - (-130 + 98).
39
What is -15 - -5 - (-14 - (-5 + 15 - 14))?
0
Evaluate 23 + 102 - (-117 - -238).
4
42 - -1 - ((-31 - 8 - -17) + 19)
46
Evaluate -44 + 32 + 12 + 40 + 23.
63
Calculate (-134 - 63) + 252 - ((-13 - 0) + 2).
66
Calculate 4 + -2 + 0 + (-1 - 18 - 57 - 12).
-86
What is 20 + 8 - (48 + -39)?
19
Evaluate 3 + -2 + ((-316 - -333) + (-21 - -1) - -18).
16
Evaluate -8 - (101 + (-5 - -2 - -3)) - (1 - 13).
-97
What is the value of 28 + -47 + 31 + (3 - 16)?
-1
-1049 + 882 + 101 + -4
-70
87 - ((-158 - -53) + 111)
81
What is the value of -4356 + 4305 - (2 + -8)?
-45
Calculate -5 - 1 - (21 - (14 - (-8 + 20))).
-25
-35 + (40 + 1 + -19 - 5) + -1 + 1
-18
What is (6 + (32 - 16) - -6) + 1 + 5?
34
Evaluate 19 + -24 + 14 + -50 + (10 - 15).
-46
What is the value of 1 + 0 + 39 - (-16 - (-31 - (-16 - 5)))?
46
Calculate (-11 - 1) + (-104 + 117 - (-27 - 0)).
28
What is -574 - -574 - (0 - (-2 + 1) - 16)?
15
What is the value of (3 - (39 + -19 + 23)) + -21?
-61
Calculate (78 - -74) + -89 + 12.
75
Evaluate 351 + -342 + (-18 - 0) - (4 + -27 + 0).
14
(-78 - 13) + -93 + 102
-82
What is the value of 14 + 3 - (-97 - (-81 + 37))?
70
Evaluate (149 - (156 - 6)) + (-2 - (1 - 0 - 14)).
10
Calculate 0 + (3 - 3 - (7 + -28 - 11)).
32
(123 + -59 - 2) + -20
42
Evaluate -21 - (13 - -7 - 31 - (10 - 3 - 26)).
-29
What is 48 + 59 - (14 - -219)?
-126
52 + (-49 - -109) + -55
57
What is -51 + (-17 - (-7 + -50))?
-11
What is (1 - (1 + -2)) + (-251 - -86 - -141)?
-22
Evaluate (54 - 114) + -4 + 4 + (9 - 12 - 8).
-71
What is the value of 88 + (-56 - 55) + 41?
18
Calculate 3 + (1 - -2) + (15 - -17).
38
Evaluate 52 + (-242 - -198) + 0 + 103.
111
Calculate 48 + (-11 - 96) - -24.
-35
Calculate 32 + (-116 - -63) + 52.
31
What is the value of -11 - 89 - (-1320 + 1223)?
-3
Calculate -2551 + 2516 + 65 + 2.
32
What is the value of -163 + -3 + 87 - -75?
-4
What is -9 - -1 - (-45 + 71 - 22)?
-12
(-150 - 0) + 149 + -133 + -5
-139
Evaluate -38 + (22 - -6) - (-43 - (3 - 3)).
33
What is -51 - -4 - 3 - ((16 - 21) + 23 + -32)?
-36
What is the value of 20 + ((-31 - -21) + 18 - -19)?
47
Calculate (-14 - 0) + (151 + 2 - (-994 - -1031)).
102
What is 2 + -22 - (-789 - -809)?
-40
What is the value of 87 - 19 - (40 + 28)?
0
-78 - (94 - (55 - -2))
-115
82 - (27 - (52 + -63))
44
What is the value of 8 + 14 + -38 + 4 + 12?
0
Evaluate -64 - 0 - (20891 + -20990).
35
(2 - 14 - ((4 - 4) + -15)) + 14 + 1
18
What is the value of 75 - (62 + -62) - 13?
62
Calculate 1 + -1 + 1 + -2 - (582 + -581) - -14.
12
What is -20 + 1 + 66 - (19 + 0)?
28
Evaluate (27 - -4) + (49 - (74 + 61)).
-55
Evaluate 69 - (71 - -42 - 101).
57
Evaluate 0 + -8 + 4 + -3 + 5 + -1 - 13.
-16
Calculate -23 + 88 - (4 + -14 + -18).
93
What is the value of (-71 - -121) + -30 + (-25 - 1) - (-2 + -21)?
17
What is the value of (-12 - -16) + -11 - 23 - -107?
77
Evaluate 85 - (5 - (4 - -23 - 6)) - -10.
111
3 + 4 + 3 + 1 - (-30 + 172 + -36)
-95
-20 + (18 - 11) + 5 + -6 - -40
26
What is the value of 18 - ((5 - 6 - -99) + (5 - 1))?
-84
What is -607 + 503 + (21 - -176)?
93
What is the value of -169 - -184 - (67 + -8)?
-44
What is the value of 5 + -5 - (-61 + 0 + 21)?
40
Evaluate 126 - 159 - -88 - (-1 + -7).
63
What is 5 - 22 - (-6 + 1) - (-24 + -7 + 8)?
11
(-3 + 4 - (-1 + -33 + -1)) + -9601 + 9605
40
Evaluate 17 + -28 + 70 + -12 + 0.
47
Calculate 134 - (174 + -52 - 48).
60
What is the value of 1 + -51 + 19 + (-5 - (-6 - -3)) - -8?
-25
What is the value of (89 - -1 - 77) + -6?
7
Calculate 8 - (20 + (131 - (-15 + 25 + -18))).
-151
37 - (71 + -71 + 50)
-13
Calculate (46 - -11 - -3 - -7) + -8 + -4.
55
503 + -503 - (1 - (0 + -1)) - 41
-43
Calculate 1424 + -1410 + (-1 - 1) + -47.
-35
What is the value of (-75 - (-28 - 24) - (-12 + -1)) + 52?
42
Calculate (43 + -21 - 10 - -9) + 18.
39
What is the value of 4 + 2 - (48 + -7) - -7?
-28
Evaluate (2 - 2) + (-67 - (-132 - -32)).
33
(-1550 - -1314) + 101 + -8
-143
1 + -2 + 5 + 13 + -19 + 8 + 5
11
What is the value of 2 + (1 - (-2 + 6)) - (-59 + (-22 - -129))?
-49
64 - (2 + (-1 - (12 + 4 + -7)) + 17)
55
What is (5 - 5 - 4 - (-13 - -6)) + 1?
4
What is the value of 32 + 13 + -1 + -13 + 10 + 4?
45
(-23 - -37) + 7 - (12 + -19)
28
Evaluate -6 + 64 + (3 - 4) + (0 - 9) - 7.
41
Calculate 56 - (1 - 2) - (-112 - -129).
40
What is the value of 140 + -123 - (9 - 27)?
35
(8 - -16) + (93 - 90)
27
Evaluate 10 - (5 + (3 - -12) + 4).
-14
Calculate 5 + (6592 - 6586) + ((1 - 2) + 2 - 35).
-23
Calculate (11 + -25 + -11 - -31) + 68 + 1.
75
What is the value of 15771 + -15782 - (1 - (1 + 40))?
29
What is 10 - (4 + 16 + -21 + 2 + -33 + -3)?
45
What is (7 - (0 + 7) - 12) + 3 - 17?
-26
0 + (23 - 32 - -13) - (37 + 0)
-33
(17 - 13) + 11 + 2 + 49 + -49
17
What is 21 + (4 - 16) + 74 - 24 - (-2 - 8)?
69
What is 69 + -82 + (48 - -24)?
59
What is the value of (0 - -15 - 1) + (227 + -56 - 185) - -55?
55
Evaluate (6 + -10 - 46) + 25 + 38.
13
What is the value of 10 - (13 + -7 + 22 + -2 - 1)?
-15
What is (5 - 18 - -9) + (18 + -5 - (84 - -32))?
-107
What is the value of (16 - (55 + -22)) + 57 + -26?
14
What is -10 - (32 + (-3 + -7 - 11))?
-21
1 + -91 + -42 + 220
88
Evaluate (3 - 23 - (-458 + 467)) + -68.
-97
Calculate (23 - -48 - 31) + 2 + -32.
10
What is the value of (-2 - (-19 - -8)) + (21 - 0)?
30
Calculate 13 + (22 - 7) + -40 - 38.
-50
Calculate 33 - ((73 - 27) + -64).
51
Calculate 3 + -4 + 18 - (415 + -408).
10
Evaluate -6 + ((1 - -82) + (27 - -30) + -70 - -5).
69
What is the value of 0 - 7 - ((31 - (-7 - -16 - -3)) + -28)?
2
What is the value of -4 + -9 + 66 + -32 + 27?
48
Calculate (25 - (-9 + 23)) + (-25 - -7) + 60.
53
Calculate (-703 - -650) + (-2 - 3) + 28.
-30
Calculate 1011 + -1088 + (6 - (-3 + 0)) + 2 - -3.
-63
What is the value of -256 - (-112 - (-121 - -127))?
-138
Evaluate 16 + -33 + 2 + 14 + 4.
3
(-3 - 0 - 2) 